mon factor of 472 and t?
59
Let t(f) = -4*f + 4 + 3*f**2 - 2 - 3*f**2 + f**2. Let r be t(4). Calculate the greatest common factor of 22 and r.
2
Let t = 7 - 6. Let s be (-5 - t)*21/(-6). What is the highest common factor of 189 and s?
21
Let x be 0/(0 - (3 + -4)). Suppose 3*h - 366 = -3*u, x*h + 116 = h - u. Calculate the greatest common factor of 17 and h.
17
Let b(m) = -18 - m**2 - 6 - m**2 - 2 + 31. Let o = -1 - -1. Let h be b(o). What is the greatest common factor of 45 and h?
5
Let u(d) = -d**3 - 8*d**2 - 23*d + 12. Let w be u(-5). Calculate the highest common divisor of w and 4.
4
Let q be 13 - 2 - (-5)/(15/9). Let h = q + 7. What is the greatest common divisor of 189 and h?
21
Let p = 80 + 249. What is the greatest common factor of 423 and p?
47
Let n be (-1323)/(-84) - (-4)/16. Let s(p) = 3*p**2 + 4*p - 7. Let x be s(-7). Calculate the highest common factor of x and n.
16
Suppose 3*g - 17*g = -1190. Let u = g + -74. Calculate the greatest common divisor of 55 and u.
11
Let z(i) = -5*i**3 - i**2 + 76*i + 160. Let c be z(-2). What is the greatest common divisor of 275 and c?
11
Let u be 18/24 + (-10)/(-8). Suppose 0*n - u*n - 5*m = -128, -n + 46 = -2*m. Calculate the highest common factor of n and 135.
27
Let i = 158 + -113. Suppose 3*p - 32 = -p. Suppose c - p = 10. What is the highest common factor of i and c?
9
Suppose 2*x - 30 - 42 = 0. Let r be 1 - (16/4 + -1). Let a be (-144)/r*((-5)/4 + 2). What is the highest common factor of x and a?
18
Let x = 622 - -882. What is the highest common factor of 94 and x?
94
Let i be 0/1 + -3*15/(-9). Let n be -4 + 0 + (1200/i)/5. What is the highest common divisor of 4 and n?
4
Let s = -1361 - -397. Let z = s + 1430. Let w = z + -292. What is the highest common divisor of 29 and w?
29
Suppose -92 = -4*a - 5*w - 3, -a - 5*w = -41. Let s be 1*(-2 + a/2). Suppose s*q = 3*q + 15. Calculate the highest common divisor of q and 25.
5
Suppose -1138 = 80*z - 4018. Suppose 0 = 3*j - 6 + 3, 0 = -3*t + 2*j + 133. Calculate the highest common factor of z and t.
9
Let b(m) = -m + 44 + 3*m**2 - 3*m**2 + m**3. Let g be b(0). Let u(y) = -63*y**3 + 2*y**2 + y + 2. Let k be u(-1). What is the highest common divisor of k and g?
22
Let o be ((2*-6)/(-4))/((-9)/(-9)). Calculate the greatest common divisor of 3 and o.
3
Let s(t) = -14*t - 4. Let l be s(-3). Let q be (-1 - 9/6)*-2. Let n be 94/q + (-2)/(-10). What is the highest common factor of l and n?
19
Let d = -502 - -732. What is the greatest common divisor of 10 and d?
10
Suppose -35 = -s + k, -37 = -s + 23*k - 21*k. Let h(t) = -52*t + 4. Let c be h(-5). What is the highest common factor of c and s?
33
Suppose 9*a + 21 = 39. Let f be ((-16)/(-20))/((-2)/(-5)). What is the highest common factor of a and f?
2
Let n(j) = 3*j**2 - 10*j + 7. Let a be n(7). Calculate the highest common divisor of 24 and a.
12
Let b(p) = -3*p**2 + 71*p - 33. Let g be b(20). What is the highest common divisor of g and 51?
17
Suppose -5*u = -0*u - 60. Let v = 23 + -9. Let m(j) = j**2 - 13*j - 2. Let p be m(v). What is the highest common factor of u and p?
12
Suppose -10*n = n - 1408. What is the greatest common divisor of n and 4?
4
Suppose -7*s = -10*s + 246. Suppose -162 = -i - 5*z + s, -2*i = -2*z - 536. What is the highest common factor of i and 33?
33
Let f(g) = g**3 + 18*g**2 + 19*g - 189. Let z be f(-16). What is the greatest common factor of 4 and z?
1
Suppose -4*n = 5*r + 2742, 7*r - 2*r = -5*n - 2740. Let k be ((-4)/10)/(22/r). What is the highest common divisor of k and 20?
10
Let h(m) = -m**3 - 3*m**2 + 1. Let j be h(-4). Let l(w) = -36*w - 129. Let f be l(-5). Calculate the greatest common divisor of j and f.
17
Suppose 0 = -3*w - 4*q - 11, -4*w + 9*w = -q + 10. Calculate the greatest common factor of w and 213.
3
Suppose -5*r + 24 = -1. Suppose 5*p + 45 = r*y, -y + p - 7 = -2*y. Let z be 5/(-20) + 130/y. Calculate the highest common divisor of z and 8.
8
Let f(y) = y**2 + 11*y - 10. Let g be f(-12). Calculate the greatest common factor of g and 122.
2
Let i be (-12 - 7 - -1947) + -7 + 0. Calculate the greatest common factor of i and 34.
17
Suppose -27*q + 22*q + 210 = 0. Calculate the greatest common factor of 154 and q.
14
Let q(z) = 6*z**3 + 3*z**2 - 3*z + 2. Suppose 11*b = -0*b + 22. Let k be q(b). Calculate the highest common divisor of k and 8.
8
Let w(o) = -11*o**2 + 119*o + 9. Let l be w(10). What is the highest common divisor of 1551 and l?
33
Let i be (-9)/15 - (-183)/5. Let o = -61 + 73. Calculate the greatest common divisor of o and i.
12
Let j be (3 - 10/4)*194. Suppose 2*y = -q + 61 + 6, j = q - 4*y. Calculate the greatest common divisor of q and 7.
7
Suppose -4*d = 3*i - 82, 0 = 27*i - 24*i + 2*d - 80. What is the highest common factor of 91 and i?
13
Let g = -112 - -138. Calculate the greatest common factor of g and 13.
13
Let c = 38 + -32. Suppose 2*r - c*r + 32 = 0. Calculate the highest common factor of 8 and r.
8
Let j be 2/((-8)/(-197))*(-1524)/(-127). Calculate the highest common factor of 3 and j.
3
Suppose -2*l + 7*l - 495 = 0. Let o(q) = -15 - 3*q - 22 - 3*q. Let g be o(-8). Calculate the greatest common factor of g and l.
11
Suppose -268*p + 280*p - 264 = 0. Calculate the greatest common divisor of p and 506.
22
Suppose h + 2*l - 10 = 0, 0 = -2*l - l + 15. Suppose -t + 23 = 2*n, 4*n - 5*n = h. What is the highest common divisor of 23 and t?
23
Suppose 38 = 2*d - 2*z, -2*d = -z + 2*z - 29. Suppose -o + 89*n - 90*n = -32, -4*n + 96 = 3*o. What is the greatest common divisor of d and o?
16
Let s = -783 - -816. Let z = 36 - 14. Calculate the greatest common factor of s and z.
11
Suppose 4 + 1 = q. Let w be 38/q + 57/(-95). Suppose 0*u = -x + u + 10, x = 2*u + 6. Calculate the greatest common factor of x and w.
7
Let g(q) = -44*q - 206. Let a be g(-14). What is the highest common divisor of a and 41?
41
Let l = -9 - -8. Let w be (1 + -13)*l/3. Suppose -4*n = -w - 24. Calculate the greatest common divisor of 35 and n.
7
Let q be (2 - -2 - -1) + 18 + -13. Calculate the greatest common divisor of 365 and q.
5
Let z be (88/(-55))/((-4)/(-10)). Let y be 18 + (-6)/z*-2. Calculate the greatest common factor of 10 and y.
5
Let q be ((-3)/(-6))/(1*(-2)/392). Let k = -84 - q. Suppose -105 - 63 = -3*c. Calculate the greatest common factor of c and k.
14
Let w = -67 + 256. What is the greatest common divisor of w and 252?
63
Let l be -9*7*(-6)/(-9). Let m be (-12)/8 + l/(-4). Let i = m - 2. What is the greatest common factor of i and 49?
7
Suppose q - f = -0*q, 0 = 3*q - f - 6. Suppose -53 = 5*s - 8. Let j = s - -15. Calculate the greatest common divisor of q and j.
3
Let d = 6541 - 4035. What is the greatest common factor of d and 14?
14
Let t(v) = -v - 2. Let x be t(-10). Suppose -x + 60 = 5*b + 2*p, -2*p = -4*b + 38. What is the greatest common factor of 10 and b?
10
Let a(z) = 2*z**3 + 3*z**2 - 2*z - 2. Let p be a(2). Calculate the highest common factor of p and 6.
2
Let j be 2/4*6 - (-12 + -1). Suppose 256 = 6*s - 4*s. Calculate the highest common divisor of j and s.
16
Let k = 19 + -8. Let m(w) = w**3 + 3*w**2 - 3*w - 7. Let y be m(-5). Let b be 3/((-9)/y) + -3. What is the highest common divisor of b and k?
11
Let i be (2*3/(-2))/1. Let q be (-1)/i + 250/15. Suppose 195 = 6*t - 111. What is the highest common divisor of q and t?
17
Suppose -4*i = -4*r + 40, -38*i = 4*r - 35*i - 12. Calculate the highest common divisor of r and 3.
3
Let l = 76 - 74. Suppose -l*k + 5*r + 104 = 0, 0*k = k - r - 52. What is the greatest common divisor of 13 and k?
13
Let q be (-6 - (-6944)/24) + 10/15. What is the highest common factor of q and 4?
4
Suppose k - 10 = -b - 9, -3*k + 5 = 4*b. Calculate the greatest common divisor of b and 62.
2
Let v(c) = 6*c**2 + 8*c - 12. Let w be v(2). Let g be (-30)/4*392/(-42). What is the greatest common divisor of g and w?
14
Suppose -o + 2*a + 42 = 40, 8 = 2*o - 2*a. Let w(y) = y**2 + 6*y + 6. Let l be w(-4). Let r = l + 50. Calculate the highest common divisor of r and o.
6
Suppose -3*u + g = -92, 4*u - 4*g = 80 + 48. Let l(k) = 2*k**2 - 3*k - 2. Let x = 6 + -8. Let i be l(x). Calculate the greatest common factor of u and i.
6
Let k(n) = n**3 - 14*n**2 + 15*n - 10. Let q be (-4)/((-16)/44) + 2. Let t be k(q). What is the greatest common 